{"id":1318,"date":"2021-11-21T15:12:46","date_gmt":"2021-11-21T15:12:46","guid":{"rendered":"https:\/\/www.pilastupice.cz\/?page_id=1318"},"modified":"2024-09-27T09:07:12","modified_gmt":"2024-09-27T08:07:12","slug":"home","status":"publish","type":"page","link":"https:\/\/www.pilastupice.cz\/","title":{"rendered":"Domovsk\u00e1 str\u00e1nka"},"content":{"rendered":"\t\t<div data-elementor-type=\"wp-page\" data-elementor-id=\"1318\" class=\"elementor elementor-1318\" data-elementor-post-type=\"page\">\n\t\t\t\t<div class=\"elementor-element elementor-element-2facf07c e-flex e-con-boxed e-con e-parent\" data-id=\"2facf07c\" data-element_type=\"container\" data-e-type=\"container\" data-settings=\"{&quot;background_background&quot;:&quot;classic&quot;}\">\n\t\t\t\t\t<div class=\"e-con-inner\">\n\t\t<div class=\"elementor-element elementor-element-44667932 e-flex e-con-boxed elementor-invisible e-con e-child\" data-id=\"44667932\" data-element_type=\"container\" data-e-type=\"container\" data-settings=\"{&quot;animation&quot;:&quot;fadeIn&quot;}\">\n\t\t\t\t\t<div class=\"e-con-inner\">\n\t\t<div class=\"elementor-element elementor-element-22679349 e-flex e-con-boxed e-con e-child\" data-id=\"22679349\" data-element_type=\"container\" data-e-type=\"container\">\n\t\t\t\t\t<div class=\"e-con-inner\">\n\t\t\t\t<div class=\"elementor-element elementor-element-52c0af4a elementor-nav-menu__align-center elementor-nav-menu--dropdown-mobile elementor-nav-menu__text-align-center elementor-nav-menu--toggle elementor-nav-menu--burger elementor-widget elementor-widget-nav-menu\" data-id=\"52c0af4a\" data-element_type=\"widget\" data-e-type=\"widget\" data-settings=\"{&quot;_animation_mobile&quot;:&quot;fadeIn&quot;,&quot;layout&quot;:&quot;horizontal&quot;,&quot;submenu_icon&quot;:{&quot;value&quot;:&quot;&lt;svg class=\\&quot;e-font-icon-svg e-fas-caret-down\\&quot; viewBox=\\&quot;0 0 320 512\\&quot; xmlns=\\&quot;http:\\\/\\\/www.w3.org\\\/2000\\\/svg\\&quot;&gt;&lt;path d=\\&quot;M31.3 192h257.3c17.8 0 26.7 21.5 14.1 34.1L174.1 354.8c-7.8 7.8-20.5 7.8-28.3 0L17.2 226.1C4.6 213.5 13.5 192 31.3 192z\\&quot;&gt;&lt;\\\/path&gt;&lt;\\\/svg&gt;&quot;,&quot;library&quot;:&quot;fa-solid&quot;},&quot;toggle&quot;:&quot;burger&quot;}\" data-widget_type=\"nav-menu.default\">\n\t\t\t\t<div class=\"elementor-widget-container\">\n\t\t\t\t\t\t\t\t<nav class=\"elementor-nav-menu--main elementor-nav-menu__container elementor-nav-menu--layout-horizontal e--pointer-none\">\n\t\t\t\t<ul id=\"menu-1-52c0af4a\" class=\"elementor-nav-menu\"><li class=\"menu-item menu-item-type-post_type menu-item-object-page menu-item-home menu-item-1169\"><a href=\"https:\/\/www.pilastupice.cz\/\" class=\"elementor-item menu-link\">DOMOVS\u00c1 STR\u00c1NKA<\/a><\/li>\n<li class=\"menu-item menu-item-type-post_type menu-item-object-page menu-item-1709\"><a href=\"https:\/\/www.pilastupice.cz\/?page_id=1697\" class=\"elementor-item menu-link\">CEN\u00cdK<\/a><\/li>\n<li class=\"menu-item menu-item-type-post_type menu-item-object-page menu-item-1740\"><a href=\"https:\/\/www.pilastupice.cz\/?page_id=1723\" class=\"elementor-item menu-link\">DRUHY PALIVOV\u00c9HO D\u0158EVA<\/a><\/li>\n<li class=\"menu-item menu-item-type-post_type menu-item-object-page menu-item-1833\"><a href=\"https:\/\/www.pilastupice.cz\/?page_id=1802\" class=\"elementor-item menu-link\">KONTAKT<\/a><\/li>\n<\/ul>\t\t\t<\/nav>\n\t\t\t\t\t<div class=\"elementor-menu-toggle\" role=\"button\" tabindex=\"0\" aria-label=\"Menu Toggle\" aria-expanded=\"false\">\n\t\t\t<svg aria-hidden=\"true\" role=\"presentation\" class=\"elementor-menu-toggle__icon--open e-font-icon-svg e-eicon-menu-bar\" viewBox=\"0 0 1000 1000\" xmlns=\"http:\/\/www.w3.org\/2000\/svg\"><path d=\"M104 333H896C929 333 958 304 958 271S929 208 896 208H104C71 208 42 237 42 271S71 333 104 333ZM104 583H896C929 583 958 554 958 521S929 458 896 458H104C71 458 42 487 42 521S71 583 104 583ZM104 833H896C929 833 958 804 958 771S929 708 896 708H104C71 708 42 737 42 771S71 833 104 833Z\"><\/path><\/svg><svg aria-hidden=\"true\" role=\"presentation\" class=\"elementor-menu-toggle__icon--close e-font-icon-svg e-eicon-close\" viewBox=\"0 0 1000 1000\" xmlns=\"http:\/\/www.w3.org\/2000\/svg\"><path d=\"M742 167L500 408 258 167C246 154 233 150 217 150 196 150 179 158 167 167 154 179 150 196 150 212 150 229 154 242 171 254L408 500 167 742C138 771 138 800 167 829 196 858 225 858 254 829L496 587 738 829C750 842 767 846 783 846 800 846 817 842 829 829 842 817 846 804 846 783 846 767 842 750 829 737L588 500 833 258C863 229 863 200 833 171 804 137 775 137 742 167Z\"><\/path><\/svg>\t\t\t<span class=\"elementor-screen-only\">Menu<\/span>\n\t\t<\/div>\n\t\t\t\t\t<nav class=\"elementor-nav-menu--dropdown elementor-nav-menu__container\" aria-hidden=\"true\">\n\t\t\t\t<ul id=\"menu-2-52c0af4a\" class=\"elementor-nav-menu\"><li class=\"menu-item menu-item-type-post_type menu-item-object-page menu-item-home menu-item-1169\"><a href=\"https:\/\/www.pilastupice.cz\/\" class=\"elementor-item menu-link\" tabindex=\"-1\">DOMOVS\u00c1 STR\u00c1NKA<\/a><\/li>\n<li class=\"menu-item menu-item-type-post_type menu-item-object-page menu-item-1709\"><a href=\"https:\/\/www.pilastupice.cz\/?page_id=1697\" class=\"elementor-item menu-link\" tabindex=\"-1\">CEN\u00cdK<\/a><\/li>\n<li class=\"menu-item menu-item-type-post_type menu-item-object-page menu-item-1740\"><a href=\"https:\/\/www.pilastupice.cz\/?page_id=1723\" class=\"elementor-item menu-link\" tabindex=\"-1\">DRUHY PALIVOV\u00c9HO D\u0158EVA<\/a><\/li>\n<li class=\"menu-item menu-item-type-post_type menu-item-object-page menu-item-1833\"><a href=\"https:\/\/www.pilastupice.cz\/?page_id=1802\" class=\"elementor-item menu-link\" tabindex=\"-1\">KONTAKT<\/a><\/li>\n<\/ul>\t\t\t<\/nav>\n\t\t\t\t\t\t<\/div>\n\t\t\t\t<\/div>\n\t\t\t\t\t<\/div>\n\t\t\t\t<\/div>\n\t\t\t\t<div class=\"elementor-element elementor-element-582be00f elementor-invisible elementor-widget elementor-widget-image\" data-id=\"582be00f\" data-element_type=\"widget\" data-e-type=\"widget\" data-settings=\"{&quot;_animation&quot;:&quot;fadeIn&quot;}\" data-widget_type=\"image.default\">\n\t\t\t\t<div class=\"elementor-widget-container\">\n\t\t\t\t\t\t\t\t\t\t\t\t\t\t\t<img decoding=\"async\" src=\"https:\/\/www.pilastupice.cz\/wp-content\/uploads\/elementor\/thumbs\/Pila-Stupice-02_resized-qi5fuagzitlcg7erl4lai9fl1aomfe5jq1hlk0cck8.png\" title=\"Logo\" alt=\"Logo\" loading=\"lazy\" \/>\t\t\t\t\t\t\t\t\t\t\t\t\t\t\t<\/div>\n\t\t\t\t<\/div>\n\t\t\t\t<div class=\"elementor-element elementor-element-2cbe4c37 elementor-widget elementor-widget-text-editor\" data-id=\"2cbe4c37\" data-element_type=\"widget\" data-e-type=\"widget\" data-widget_type=\"text-editor.default\">\n\t\t\t\t<div class=\"elementor-widget-container\">\n\t\t\t\t\t\t\t\t\t<p>PRODEJ PALIVOV\u00c9HO D\u0158EVA<\/p>\t\t\t\t\t\t\t\t<\/div>\n\t\t\t\t<\/div>\n\t\t\t\t<div class=\"elementor-element elementor-element-6eb83f4c elementor-widget elementor-widget-text-editor\" data-id=\"6eb83f4c\" data-element_type=\"widget\" data-e-type=\"widget\" data-widget_type=\"text-editor.default\">\n\t\t\t\t<div class=\"elementor-widget-container\">\n\t\t\t\t\t\t\t\t\t<p>U ZVONI\u010cKY 6, 250 84 SIB\u0158INA<\/p>\t\t\t\t\t\t\t\t<\/div>\n\t\t\t\t<\/div>\n\t\t\t\t<div class=\"elementor-element elementor-element-226476cf elementor-widget elementor-widget-text-editor\" data-id=\"226476cf\" data-element_type=\"widget\" data-e-type=\"widget\" data-widget_type=\"text-editor.default\">\n\t\t\t\t<div class=\"elementor-widget-container\">\n\t\t\t\t\t\t\t\t\t<p>+420 737 389 921<br><\/p>\t\t\t\t\t\t\t\t<\/div>\n\t\t\t\t<\/div>\n\t\t\t\t<div class=\"elementor-element elementor-element-fdd6bcb elementor-widget elementor-widget-text-editor\" data-id=\"fdd6bcb\" data-element_type=\"widget\" data-e-type=\"widget\" data-widget_type=\"text-editor.default\">\n\t\t\t\t<div class=\"elementor-widget-container\">\n\t\t\t\t\t\t\t\t\t<p>(+420 728 272 687)<\/p>\t\t\t\t\t\t\t\t<\/div>\n\t\t\t\t<\/div>\n\t\t\t\t<div class=\"elementor-element elementor-element-47f75f80 elementor-widget elementor-widget-text-editor\" data-id=\"47f75f80\" data-element_type=\"widget\" data-e-type=\"widget\" data-widget_type=\"text-editor.default\">\n\t\t\t\t<div class=\"elementor-widget-container\">\n\t\t\t\t\t\t\t\t\t<p>(+420 776 834 911)<\/p>\t\t\t\t\t\t\t\t<\/div>\n\t\t\t\t<\/div>\n\t\t\t\t\t<\/div>\n\t\t\t\t<\/div>\n\t\t\t\t\t<\/div>\n\t\t\t\t<\/div>\n\t\t<div class=\"elementor-element elementor-element-96bd614 e-flex e-con-boxed e-con e-parent\" data-id=\"96bd614\" data-element_type=\"container\" data-e-type=\"container\">\n\t\t\t\t\t<div class=\"e-con-inner\">\n\t\t<div class=\"elementor-element elementor-element-f6f7e27 e-flex e-con-boxed elementor-invisible e-con e-child\" data-id=\"f6f7e27\" data-element_type=\"container\" data-e-type=\"container\" data-settings=\"{&quot;animation&quot;:&quot;fadeIn&quot;}\">\n\t\t\t\t\t<div class=\"e-con-inner\">\n\t\t\t\t<div class=\"elementor-element elementor-element-ea58172 elementor-widget elementor-widget-text-editor\" data-id=\"ea58172\" data-element_type=\"widget\" data-e-type=\"widget\" data-widget_type=\"text-editor.default\">\n\t\t\t\t<div class=\"elementor-widget-container\">\n\t\t\t\t\t\t\t\t\t<p>V na\u0161\u00ed nab\u00eddce palivov\u00e9ho d\u0159eva naleznete rozmanit\u00fd sortiment produkt\u016f vhodn\u00fdch pro v\u00fdtop Va\u0161ich domov\u016f. N\u00e1\u0161 v\u00fdb\u011br palivov\u00e9ho d\u0159eva obsahuje \u0161irok\u00fd v\u00fdb\u011br, zahrnuj\u00edc\u00ed <strong>tvrd\u00e9 palivov\u00e9 d\u0159evo<\/strong>, jako je <strong>dub, buk a l\u00edpa<\/strong>, a tak\u00e9 <strong>m\u011bkk\u00e9 palivov\u00e9 d\u0159evo<\/strong>, mezi n\u011b\u017e pat\u0159\u00ed nap\u0159\u00edklad<strong> smrk, borovice a mod\u0159\u00edn<\/strong>. Palivov\u00e9 d\u0159evo dod\u00e1v\u00e1me \u0161t\u00edpan\u00e9.<\/p>\t\t\t\t\t\t\t\t<\/div>\n\t\t\t\t<\/div>\n\t\t\t\t<div class=\"elementor-element elementor-element-d16f5b6 elementor-widget elementor-widget-heading\" data-id=\"d16f5b6\" data-element_type=\"widget\" data-e-type=\"widget\" data-widget_type=\"heading.default\">\n\t\t\t\t<div class=\"elementor-widget-container\">\n\t\t\t\t\t<h1 class=\"elementor-heading-title elementor-size-default\">V\u00fdhody palivov\u00e9ho d\u0159eva<\/h1>\t\t\t\t<\/div>\n\t\t\t\t<\/div>\n\t\t\t\t<div class=\"elementor-element elementor-element-a8eb5d6 elementor-widget elementor-widget-text-editor\" data-id=\"a8eb5d6\" data-element_type=\"widget\" data-e-type=\"widget\" data-widget_type=\"text-editor.default\">\n\t\t\t\t<div class=\"elementor-widget-container\">\n\t\t\t\t\t\t\t\t\t<ul><li><strong>Obnoviteln\u00fd zdroj:<\/strong> D\u0159evo je obnoviteln\u00fdm zdrojem energie, co\u017e znamen\u00e1, \u017ee m\u016f\u017ee b\u00fdt nahrazeno nov\u00fdm vysazen\u00edm strom\u016f.<\/li><li><strong>N\u00edzk\u00e9 emise u modern\u00edch za\u0159\u00edzen\u00ed:<\/strong> Modern\u00ed krby, kamna a kotle mohou minimalizovat emise a zlep\u0161it \u00fa\u010dinnost spalov\u00e1n\u00ed, co\u017e sni\u017euje negativn\u00ed dopady na \u017eivotn\u00ed prost\u0159ed\u00ed.<\/li><li><strong>Ekonomick\u00e1 volba:<\/strong> V n\u011bkter\u00fdch oblastech m\u016f\u017ee b\u00fdt palivov\u00e9 d\u0159evo ekonomicky dostupn\u011bj\u0161\u00ed ne\u017e jin\u00e9 zdroje energie.<\/li><li><strong>Estetick\u00e1 hodnota:<\/strong> Krbov\u00e9 d\u0159evo a kamna p\u0159id\u00e1vaj\u00ed do domova estetick\u00fd prvek a mohou vytv\u00e1\u0159et p\u0159\u00edjemnou atmosf\u00e9ru.<\/li><li><strong>Z\u00e1lo\u017en\u00ed zdroj energie:<\/strong> Palivov\u00e9 d\u0159evo m\u016f\u017ee slou\u017eit jako z\u00e1lo\u017en\u00ed zdroj energie v p\u0159\u00edpad\u011b v\u00fdpadku elekt\u0159iny nebo probl\u00e9m\u016f s b\u011b\u017en\u00fdmi topn\u00fdmi syst\u00e9my.<\/li><\/ul>\t\t\t\t\t\t\t\t<\/div>\n\t\t\t\t<\/div>\n\t\t\t\t<div class=\"elementor-element elementor-element-2af978e elementor-widget elementor-widget-heading\" data-id=\"2af978e\" data-element_type=\"widget\" data-e-type=\"widget\" data-widget_type=\"heading.default\">\n\t\t\t\t<div class=\"elementor-widget-container\">\n\t\t\t\t\t<h2 class=\"elementor-heading-title elementor-size-default\">Pro\u010d vybrat n\u00e1s<\/h2>\t\t\t\t<\/div>\n\t\t\t\t<\/div>\n\t\t\t\t<div class=\"elementor-element elementor-element-217ade6 elementor-widget elementor-widget-text-editor\" data-id=\"217ade6\" data-element_type=\"widget\" data-e-type=\"widget\" data-widget_type=\"text-editor.default\">\n\t\t\t\t<div class=\"elementor-widget-container\">\n\t\t\t\t\t\t\t\t\t<ul><li><strong>Zku\u0161enost a odbornost:<\/strong> S n\u011bkolikaletou histori\u00ed v prodeji palivov\u00e9ho d\u0159eva m\u00e1me bohat\u00e9 zku\u0161enosti.<\/li><li><strong>\u0160irok\u00fd v\u00fdb\u011br kvalitn\u00edch d\u0159evin:<\/strong> Na\u0161e nab\u00eddka zahrnuje \u0161irok\u00fd v\u00fdb\u011br tvrd\u00e9ho i m\u011bkk\u00e9ho palivov\u00e9ho d\u0159eva, v\u010detn\u011b druh\u016f jako dub, buk, smrk a mod\u0159\u00edn, abychom vyhov\u011bli r\u016fzn\u00fdm pot\u0159eb\u00e1m z\u00e1kazn\u00edk\u016f.<\/li><li><strong>Rozumn\u00e9 ceny: <\/strong>Na\u0161e cenov\u00e1 politika je transparentn\u00ed a konkurenceschopn\u00e1.<\/li><li><strong>Rychl\u00e9 a spolehliv\u00e9 dod\u00e1vky:<\/strong> S prioritou spokojenosti z\u00e1kazn\u00edka zaji\u0161\u0165ujeme, \u017ee dod\u00e1vky palivov\u00e9ho d\u0159eva prob\u00edhaj\u00ed rychle a spolehliv\u011b. Db\u00e1me na to, aby z\u00e1kazn\u00edci m\u011bli sv\u00e9 palivo v\u010das.<\/li><\/ul>\t\t\t\t\t\t\t\t<\/div>\n\t\t\t\t<\/div>\n\t\t\t\t<div class=\"elementor-element elementor-element-b131469 elementor-invisible elementor-widget elementor-widget-google_maps\" data-id=\"b131469\" data-element_type=\"widget\" data-e-type=\"widget\" data-settings=\"{&quot;_animation&quot;:&quot;fadeIn&quot;}\" data-widget_type=\"google_maps.default\">\n\t\t\t\t<div class=\"elementor-widget-container\">\n\t\t\t\t\t\t\t<div class=\"elementor-custom-embed\">\n\t\t\t<iframe loading=\"lazy\"\n\t\t\t\t\tsrc=\"https:\/\/maps.google.com\/maps?q=U%20Zvoni%C4%8Dky%206%2C%20250%2084%20Sib%C5%99ina&#038;t=m&#038;z=13&#038;output=embed&#038;iwloc=near\"\n\t\t\t\t\ttitle=\"U Zvoni\u010dky 6, 250 84 Sib\u0159ina\"\n\t\t\t\t\taria-label=\"U Zvoni\u010dky 6, 250 84 Sib\u0159ina\"\n\t\t\t><\/iframe>\n\t\t<\/div>\n\t\t\t\t\t\t<\/div>\n\t\t\t\t<\/div>\n\t\t\t\t\t<\/div>\n\t\t\t\t<\/div>\n\t\t\t\t\t<\/div>\n\t\t\t\t<\/div>\n\t\t\t\t<\/div>\n\t\t","protected":false},"excerpt":{"rendered":"<p>PRODEJ PALIVOV\u00c9HO D\u0158EVA U ZVONI\u010cKY 6, 250 84 SIB\u0158INA +420 737 389 921 (+420 728 272 687) (+420 776 834 911) V na\u0161\u00ed nab\u00eddce palivov\u00e9ho d\u0159eva naleznete rozmanit\u00fd sortiment produkt\u016f vhodn\u00fdch pro v\u00fdtop Va\u0161ich domov\u016f. N\u00e1\u0161 v\u00fdb\u011br palivov\u00e9ho d\u0159eva obsahuje \u0161irok\u00fd v\u00fdb\u011br, zahrnuj\u00edc\u00ed tvrd\u00e9 palivov\u00e9 d\u0159evo, jako je dub, buk a l\u00edpa, a tak\u00e9 m\u011bkk\u00e9 [&hellip;]<\/p>\n","protected":false},"author":1,"featured_media":0,"parent":0,"menu_order":0,"comment_status":"closed","ping_status":"closed","template":"","meta":{"site-sidebar-layout":"no-sidebar","site-content-layout":"page-builder","ast-site-content-layout":"full-width-container","site-content-style":"unboxed","site-sidebar-style":"unboxed","ast-global-header-display":"","ast-banner-title-visibility":"","ast-main-header-display":"","ast-hfb-above-header-display":"","ast-hfb-below-header-display":"","ast-hfb-mobile-header-display":"","site-post-title":"disabled","ast-breadcrumbs-content":"","ast-featured-img":"disabled","footer-sml-layout":"","ast-disable-related-posts":"","theme-transparent-header-meta":"enabled","adv-header-id-meta":"","stick-header-meta":"","header-above-stick-meta":"","header-main-stick-meta":"","header-below-stick-meta":"","astra-migrate-meta-layouts":"set","ast-page-background-enabled":"default","ast-page-background-meta":{"desktop":{"background-color":"var(--ast-global-color-4)","background-image":"","background-repeat":"repeat","background-position":"center center","background-size":"auto","background-attachment":"scroll","background-type":"","background-media":"","overlay-type":"","overlay-color":"","overlay-opacity":"","overlay-gradient":""},"tablet":{"background-color":"","background-image":"","background-repeat":"repeat","background-position":"center center","background-size":"auto","background-attachment":"scroll","background-type":"","background-media":"","overlay-type":"","overlay-color":"","overlay-opacity":"","overlay-gradient":""},"mobile":{"background-color":"","background-image":"","background-repeat":"repeat","background-position":"center center","background-size":"auto","background-attachment":"scroll","background-type":"","background-media":"","overlay-type":"","overlay-color":"","overlay-opacity":"","overlay-gradient":""}},"ast-content-background-meta":{"desktop":{"background-color":"var(--ast-global-color-5)","background-image":"","background-repeat":"repeat","background-position":"center center","background-size":"auto","background-attachment":"scroll","background-type":"","background-media":"","overlay-type":"","overlay-color":"","overlay-opacity":"","overlay-gradient":""},"tablet":{"background-color":"var(--ast-global-color-5)","background-image":"","background-repeat":"repeat","background-position":"center center","background-size":"auto","background-attachment":"scroll","background-type":"","background-media":"","overlay-type":"","overlay-color":"","overlay-opacity":"","overlay-gradient":""},"mobile":{"background-color":"var(--ast-global-color-5)","background-image":"","background-repeat":"repeat","background-position":"center center","background-size":"auto","background-attachment":"scroll","background-type":"","background-media":"","overlay-type":"","overlay-color":"","overlay-opacity":"","overlay-gradient":""}},"footnotes":""},"class_list":["post-1318","page","type-page","status-publish","hentry"],"_links":{"self":[{"href":"https:\/\/www.pilastupice.cz\/index.php?rest_route=\/wp\/v2\/pages\/1318","targetHints":{"allow":["GET"]}}],"collection":[{"href":"https:\/\/www.pilastupice.cz\/index.php?rest_route=\/wp\/v2\/pages"}],"about":[{"href":"https:\/\/www.pilastupice.cz\/index.php?rest_route=\/wp\/v2\/types\/page"}],"author":[{"embeddable":true,"href":"https:\/\/www.pilastupice.cz\/index.php?rest_route=\/wp\/v2\/users\/1"}],"replies":[{"embeddable":true,"href":"https:\/\/www.pilastupice.cz\/index.php?rest_route=%2Fwp%2Fv2%2Fcomments&post=1318"}],"version-history":[{"count":101,"href":"https:\/\/www.pilastupice.cz\/index.php?rest_route=\/wp\/v2\/pages\/1318\/revisions"}],"predecessor-version":[{"id":2260,"href":"https:\/\/www.pilastupice.cz\/index.php?rest_route=\/wp\/v2\/pages\/1318\/revisions\/2260"}],"wp:attachment":[{"href":"https:\/\/www.pilastupice.cz\/index.php?rest_route=%2Fwp%2Fv2%2Fmedia&parent=1318"}],"curies":[{"name":"wp","href":"https:\/\/api.w.org\/{rel}","templated":true}]}}